{"id":763,"date":"2022-02-08T12:31:13","date_gmt":"2022-02-08T11:31:13","guid":{"rendered":"https:\/\/www.gabrieleforti.it\/shop\/?post_type=product&#038;p=763"},"modified":"2022-02-09T15:41:14","modified_gmt":"2022-02-09T14:41:14","slug":"ponte-vecchio-di-firenze","status":"publish","type":"product","link":"https:\/\/www.gabrieleforti.it\/shop\/prodotto\/ponte-vecchio-di-firenze\/","title":{"rendered":"Ponte Vecchio di Firenze"},"content":{"rendered":"<p>[vc_row][vc_column][vc_column_text]<strong>Ai confini di una delle aree paesaggistiche pi\u00f9 belle al mondo, la Val d\u2019Orcia, nasce l\u2019Atelier fotografico di Gabriele Forti. <\/strong>Immerso nella bellezza delle terre senesi in cui vive e cresce, impugna da subito la macchina fotografica con quella stessa sete di ricerca artistica che contraddistingue gli animi pi\u00f9 sensibili e delicati. La fotografia per <strong>Gabriele Forti<\/strong> \u00e8 una scelta di vita.<\/p>\n<p>Il cuore di una delle citt\u00e0 pi\u00f9 belle del mondo: Firenze. Uno scorcio di Ponte Vecchio alcuni minuti prima che la notte se lo prenda nella sua oscurit\u00e0, la bellezza assoluta prima del nero profondo.[\/vc_column_text][\/vc_column][\/vc_row]<\/p>\n","protected":false},"excerpt":{"rendered":"<p>Il cuore di una delle citt\u00e0 pi\u00f9 belle del mondo: Firenze. Uno scorcio di Ponte Vecchio alcuni minuti prima che la notte se lo prenda nella sua oscurit\u00e0, la bellezza assoluta prima del nero profondo.<\/p>\n","protected":false},"featured_media":752,"template":"","meta":[],"product_cat":[18],"product_tag":[],"class_list":["post-763","product","type-product","status-publish","has-post-thumbnail","hentry","product_cat-landscape","description-off"],"_links":{"self":[{"href":"https:\/\/www.gabrieleforti.it\/shop\/wp-json\/wp\/v2\/product\/763","targetHints":{"allow":["GET"]}}],"collection":[{"href":"https:\/\/www.gabrieleforti.it\/shop\/wp-json\/wp\/v2\/product"}],"about":[{"href":"https:\/\/www.gabrieleforti.it\/shop\/wp-json\/wp\/v2\/types\/product"}],"wp:featuredmedia":[{"embeddable":true,"href":"https:\/\/www.gabrieleforti.it\/shop\/wp-json\/wp\/v2\/media\/752"}],"wp:attachment":[{"href":"https:\/\/www.gabrieleforti.it\/shop\/wp-json\/wp\/v2\/media?parent=763"}],"wp:term":[{"taxonomy":"product_cat","embeddable":true,"href":"https:\/\/www.gabrieleforti.it\/shop\/wp-json\/wp\/v2\/product_cat?post=763"},{"taxonomy":"product_tag","embeddable":true,"href":"https:\/\/www.gabrieleforti.it\/shop\/wp-json\/wp\/v2\/product_tag?post=763"}],"curies":[{"name":"wp","href":"https:\/\/api.w.org\/{rel}","templated":true}]}}

<p>[vc_row][vc_column][vc_column_text]<strong>Ai confini di una delle aree paesaggistiche più belle al mondo, la Val d’Orcia, nasce l’Atelier fotografico di Gabriele Forti. </strong>Immerso nella bellezza delle terre senesi in cui vive e cresce, impugna da subito la macchina fotografica con quella stessa sete di ricerca artistica che contraddistingue gli animi più sensibili e delicati. La fotografia per <strong>Gabriele Forti</strong> è una scelta di vita.</p>
<p>Il cuore di una delle città più belle del mondo: Firenze. Uno scorcio di Ponte Vecchio alcuni minuti prima che la notte se lo prenda nella sua oscurità, la bellezza assoluta prima del nero profondo.[/vc_column_text][/vc_column][/vc_row]</p>

<p>Il cuore di una delle città più belle del mondo: Firenze. Uno scorcio di Ponte Vecchio alcuni minuti prima che la notte se lo prenda nella sua oscurità, la bellezza assoluta prima del nero profondo.</p>
